atest common factor of w and 62.
31
Suppose 0 = -t - 8*c + 7*c + 452, -2*t - 5*c = -895. What is the highest common divisor of t and 91?
91
Let x = 1459 + -994. What is the highest common factor of 60 and x?
15
Suppose 88 = 33*k - 29*k. Calculate the greatest common divisor of k and 8.
2
Let w(a) = 2*a**2 - a - 1. Let q be w(-2). Let c be (-280)/42*45/(-2). Suppose 6*h - 66 = c. Calculate the highest common divisor of h and q.
9
Suppose 0*p = 3*p. Let f(x) = -x + 8. Let y be f(p). Let b be -3 - (-4)/(y/26). Calculate the highest common factor of b and 80.
10
Suppose 4*z = 4, -17 = -4*q - z + 280. Calculate the highest common divisor of q and 1924.
74
Suppose -365 = 5*z - 10*z - 5*g, 4*z - 3*g - 285 = 0. Suppose 10*m = m + 162. Calculate the highest common divisor of z and m.
18
Let i be (76/12)/(2/48). Suppose -2*k = 2*k - i. Let p(j) = j**3 + 8*j**2 - 8*j - 10. Let v be p(-7). What is the greatest common divisor of v and k?
19
Suppose 3*i = -2*i + 70. Let m be 26/39 + (-38)/(-6). Let p(s) = s**2 - 6*s. Let f be p(m). What is the highest common factor of f and i?
7
Let i = 5 + -6. Let o be (2 + -2)/(-2 - i). Suppose -5*r + 4*r = -3*c - 27, o = -2*r + 5*c + 49. Calculate the highest common factor of r and 36.
12
Let p = 7 - -53. Let u(i) = 5*i + 6*i - 9 - 2*i - 2*i. Let v be u(3). Calculate the greatest common factor of p and v.
12
Suppose 2*x + 50 = 2*q + 3*q, 2*q - 2*x = 26. Let h(l) = 16*l + 4. Let f be h(5). Suppose -3*b = 4*b - f. What is the highest common factor of b and q?
4
Suppose 4*i = -y + 11, 2*y + 21 = 3*i - 1. Let c = -128 + 184. Suppose -80 = -5*d + 5*w, 5*d + 0*w - c = -w. Calculate the highest common factor of i and d.
4
Let r(z) = -35*z + 1. Let i be r(-6). Let u be i/2 + 3/(-6). Suppose -p + 14 = -1. Calculate the greatest common factor of p and u.
15
Let h(u) = 30*u**3 - 2*u + 1. Let i be h(1). Suppose 12*w - 1141 - 599 = 0. Calculate the greatest common factor of w and i.
29
Let a = 32 + -48. Let w be 8/a*(-22 + -2). Calculate the greatest common factor of 2 and w.
2
Suppose 33*k - 25*k - 1312 = 0. Calculate the highest common divisor of 12 and k.
4
Suppose -8*c = 285 - 37. Let k = 42 + c. What is the highest common factor of 88 and k?
11
Suppose -t = 3*d - 374 + 76, 3*t = 5*d + 880. Calculate the greatest common factor of 59 and t.
59
Let v = -3 + 4. Let u = -37 - -43. Let d be (-28)/u*42/(-28). What is the greatest common divisor of v and d?
1
Suppose -91 = -4*w + 209. What is the greatest common factor of w and 25?
25
Suppose -v = -3 - 2. Suppose 5*f - 11 = -q, v*q = 8 - 3. Let g be (-1)/f + (-11)/(-2). What is the greatest common divisor of g and 45?
5
Suppose -29*v + 850 = -27*v. What is the greatest common factor of v and 25?
25
Suppose -3024 = 21*m - 29*m. Calculate the highest common factor of 72 and m.
18
Suppose -21024 = 120*k - 156*k. What is the highest common divisor of 24 and k?
8
Let h = 140 - 120. Suppose w + k - 15 = 0, -2*k = -w + 2*w - h. Calculate the greatest common factor of w and 6.
2
Suppose -4*z = 95 - 191. Calculate the highest common factor of 156 and z.
12
Suppose -3*u = -5*f - 179, -142 = -3*u + f + 57. Suppose -7*d + 3*d = -u. Let t = d + -8. Calculate the greatest common divisor of 72 and t.
9
Let k = 28 - -28. Calculate the highest common divisor of k and 7.
7
Let u(j) = j**3 + 1. Let k be u(2). Let c = -2647 - -2650. Calculate the highest common factor of c and k.
3
Let f be (-28)/6*(-102)/68. Suppose -r = -11 - 3. What is the greatest common factor of r and f?
7
Let v = 44 + -46. Let c be ((21/(-12))/1)/(v/176). What is the highest common factor of 14 and c?
14
Let f be 8/(-14) + 137280/728. Calculate the highest common factor of f and 846.
94
Suppose -7*l + 3*l + 72 = 0. Let w = 25 - l. Let t be ((-70)/(-6))/((-28)/(-84)). What is the greatest common factor of w and t?
7
Let j = 0 + 2. Suppose 0*u + j*u - 14 = 0. Suppose -a + 448 = 7*a. What is the highest common factor of a and u?
7
Let d = 18 - -125. Let p be ((-42)/(-5))/((-9)/30). Let j = p - -41. Calculate the highest common factor of d and j.
13
Let s(w) = 38*w + 197. Let i be s(-5). Calculate the highest common divisor of 45 and i.
1
Let s = 10 + -6. Suppose 9*u - 425 = s*u. Suppose -3*j + u = 2*j. Calculate the highest common divisor of 136 and j.
17
Let k = -30 - -20. Let b = k + 8. Let p(m) = -14*m - 2. Let i be p(b). Calculate the greatest common divisor of 104 and i.
26
Let a = 38 - 20. Let l be a/(-2) - (11 - 14). Let v be l/((-3)/(24 - 3)). What is the greatest common factor of 14 and v?
14
Let v(x) = -x + 21. Let g be v(14). What is the highest common factor of g and 1?
1
Suppose 0 = -2*i - 3*b + 135, 0 = -5*i + 5*b - b + 349. Let f = i - 67. Calculate the highest common divisor of 18 and f.
2
Suppose g = 9 + 7. Let m = g - -24. Calculate the greatest common divisor of m and 8.
8
Suppose -8 = 4*u, 0 = -i - u + 5 - 1. What is the greatest common factor of i and 15?
3
Let k = 45 + -12. Suppose 12 = 2*c + 2. Let r be (c - -7)/(4/22). What is the highest common factor of k and r?
33
Suppose 2*o = -0*o + 22. Suppose -4*k + 308 = -i, 0 = -3*k + i - 58 + 289. What is the greatest common divisor of k and o?
11
Suppose -f + 36 = 3*f. Suppose 3*m = 4*y - 113, -5*y + 144 = -m - 0*m. Suppose -y*d + 18 = -26*d. What is the highest common factor of f and d?
3
Suppose 25 = j + 4*j. Suppose -15 - 66 = -d. Let w be d/9*5/3. What is the greatest common divisor of w and j?
5
Let m = -864 + 940. Calculate the greatest common divisor of m and 19.
19
Let a = 1060 + -1054. Suppose -3*m = -m - 18. Calculate the greatest common divisor of m and a.
3
Suppose 0 = 3*u - 4 - 50. Let x be (-20)/(-14) - (-41807)/679. Calculate the highest common divisor of u and x.
9
Let k = 1468 - 1428. Let c = 928 + -648. What is the highest common divisor of c and k?
40
Let w be (38/(-4))/((-1)/2). Suppose 0 = 167*d - 170*d + 399. What is the greatest common divisor of d and w?
19
Suppose -3*i + 4*b + 13 + 14 = 0, 5*i - 3*b = 45. Calculate the greatest common divisor of i and 45.
9
Let s(g) = 6*g**2 - 17*g - 49. Let n be s(-3). What is the greatest common factor of 2520 and n?
56
Suppose 8*j - 81 - 1191 = 0. What is the highest common factor of j and 106?
53
Let q(x) = x**2 + 3*x - 11. Let h be q(5). Let n = h - 19. What is the highest common divisor of n and 110?
10
Let n(g) = -g - 4. Let f be n(-5). Let p be ((-44)/110)/(4/(-70)). What is the highest common divisor of p and f?
1
Suppose -9*m + 4*m = 0. Suppose z - 5*z + 160 = m. Suppose 2*s - z = -2*q, -3*s = q - 6*s - 24. What is the highest common divisor of q and 84?
21
Let l = 662 - 657. What is the highest common divisor of l and 70?
5
Let f = 1595 + -1573. What is the greatest common factor of 8 and f?
2
Let n be ((-8)/5)/(2/(-5)). Suppose 3*k + 2 = n*k. Suppose -5*t + 79 = -z, 25 = t - k*z + 2. Calculate the greatest common divisor of t and 3.
3
Let b be (-1)/(-4) + (-3332)/16. Let d = -108 - b. Suppose 2*z - 7*z = -d. What is the greatest common factor of 20 and z?
20
Let q be (-55)/3 + 4/12. Let m be (-4 + 3 + q)*-7. Calculate the greatest common factor of m and 19.
19
Suppose -19*h = -6119 + 343. Calculate the highest common factor of h and 418.
38
Let c be 1/2 + 94/4. Suppose 2*m + 8 = 0, -4*m - 184 = 3*k - 6*k. Let z = 59 - k. Calculate the highest common factor of c and z.
3
Suppose 14964 + 10578 = 43*l. What is the highest common factor of l and 22?
22
Suppose 3*b = -5*b + 704. Suppose 3*q = 5*l - 2*l - 138, q - 86 = -2*l. Suppose -5*f + l = -f. What is the greatest common factor of f and b?
11
Let m(v) = -v**2 + 5*v - 6. Let l be m(7). Suppose 0 = 5*p + 6 - 16. Let c = p - l. Calculate the highest common divisor of c and 44.
22
Let x(b) = b**3 + 9*b**2 - b + 4. Let u be (108/(-30))/(4/10). Let d be x(u). What is the highest common factor of d and 39?
13
Let k be (-2 - 2)*(-6 + 0). What is the greatest common factor of k and 36?
12
Let v(b) = b**3 - 8*b**2 - 11*b + 22. Let w be v(10). Let l = 202 - w. Calculate the highest common divisor of l and 36.
18
Let t be (-10)/(-40) - (-119)/4. Suppose 3*b - 90 = 3*i, 0*b - 5*i = -4*b + 120. Calculate the greatest common divisor of t and b.
30
Suppose -2295 - 2181 = -4*g - 3*z, -3360 = -3*g - 3*z. Calculate the greatest common divisor of g and 36.
36
Suppo